What is the hundreds digit of 7408?
4
What is the ten thousands digit of 13278?
1
What is the ten thousands digit of 108484?
0
What is the thousands digit of 6139?
6
What is the hundreds digit of 6643?
6
What is the units digit of 245?
5
What is the hundreds digit of 6896?
8
What is the hundreds digit of 859?
8
What is the units digit of 6662?
2
What is the hundreds digit of 5750?
7
What is the tens digit of 352?
5
What is the hundreds digit of 247?
2
What is the hundreds digit of 62346?
3
What is the units digit of 450?
0
What is the ten thousands digit of 36397?
3
What is the tens digit of 5629?
2
What is the hundreds digit of 3244?
2
What is the hundreds digit of 2624?
6
What is the units digit of 307?
7
What is the thousands digit of 6067?
6
What is the tens digit of 48123?
2
What is the hundreds digit of 13440?
4
What is the units digit of 1330?
0
What is the tens digit of 3417?
1
What is the tens digit of 45869?
6
What is the thousands digit of 10499?
0
What is the hundreds digit of 10330?
3
What is the tens digit of 27741?
4
What is the thousands digit of 4948?
4
What is the tens digit of 1256?
5
What is the tens digit of 9522?
2
What is the tens digit of 28014?
1
What is the hundreds digit of 1470?
4
What is the hundreds digit of 126717?
7
What is the units digit of 47049?
9
What is the units digit of 27927?
7
What is the thousands digit of 2644?
2
What is the tens digit of 2417?
1
What is the ten thousands digit of 38402?
3
What is the tens digit of 2605?
0
What is the thousands digit of 38951?
8
What is the ten thousands digit of 20467?
2
What is the ten thousands digit of 12275?
1
What is the thousands digit of 11197?
1
What is the units digit of 484?
4
What is the thousands digit of 2372?
2
What is the hundreds digit of 625?
6
What is the thousands digit of 118394?
8
What is the hundreds digit of 1538?
5
What is the ten thousands digit of 31460?
3
What is the hundreds digit of 145187?
1
What is the hundreds digit of 1927?
9
What is the hundreds digit of 3013?
0
What is the thousands digit of 24007?
4
What is the thousands digit of 132198?
2
What is the hundreds digit of 67462?
4
What is the tens digit of 986?
8
What is the units digit of 4656?
6
What is the hundreds digit of 11974?
9
What is the tens digit of 8053?
5
What is the hundreds digit of 5188?
1
What is the tens digit of 9292?
9
What is the thousands digit of 7146?
7
What is the hundreds digit of 711?
7
What is the hundreds digit of 711?
7
What is the thousands digit of 21130?
1
What is the tens digit of 114857?
5
What is the units digit of 936?
6
What is the thousands digit of 5378?
5
What is the thousands digit of 1061?
1
What is the units digit of 12282?
2
What is the hundreds digit of 318?
3
What is the tens digit of 5073?
7
What is the units digit of 2765?
5
What is the units digit of 2406?
6
What is the hundreds digit of 372?
3
What is the hundreds digit of 6541?
5
What is the thousands digit of 17929?
7
What is the tens digit of 9178?
7
What is the tens digit of 4792?
9
What is the hundreds digit of 20133?
1
What is the tens digit of 5722?
2
What is the ten thousands digit of 43115?
4
What is the units digit of 319?
9
What is the hundreds digit of 6746?
7
What is the tens digit of 31092?
9
What is the hundreds digit of 15846?
8
What is the tens digit of 1846?
4
What is the tens digit of 9801?
0
What is the units digit of 108926?
6
What is the units digit of 2688?
8
What is the hundreds digit of 14017?
0
What is the thousands digit of 3056?
3
What is the tens digit of 627?
2
What is the thousands digit of 71600?
1
What is the units digit of 514?
4
What is the thousands digit of 21301?
1
What is the units digit of 1085?
5
What is the thousands digit of 9487?
9
What is the hundreds digit of 68472?
4
What is the units digit of 46599?
9
What is the thousands digit of 12406?
2
What is the units digit of 2804?
4
What is the units digit of 1190?
0
What is the tens digit of 550?
5
What is the hundreds digit of 968?
9
What is the tens digit of 316?
1
What is the thousands digit of 23102?
3
What is the units digit of 537?
7
What is the tens digit of 1999?
9
What is the hundreds digit of 15935?
9
What is the thousands digit of 23812?
3
What is the hundreds digit of 16769?
7
What is the thousands digit of 2618?
2
What is the thousands digit of 41399?
1
What is the units digit of 63073?
3
What is the hundreds digit of 2200?
2
What is the thousands digit of 54048?
4
What is the tens digit of 6404?
0
What is the hundreds digit of 2544?
5
What is the tens digit of 526?
2
What is the ten thousands digit of 32586?
3
What is the units digit of 19931?
1
What is the hundreds digit of 6558?
5
What is the hundreds digit of 3843?
8
What is the thousands digit of 31470?
1
What is the tens digit of 736?
3
What is the tens digit of 16757?
5
What is the thousands digit of 75378?
5
What is the units digit of 35468?
8
What is the tens digit of 1526?
2
What is the tens digit of 6833?
3
What is the thousands digit of 68204?
8
What is the thousands digit of 7425?
7
What is the tens digit of 417?
1
What is the tens digit of 14864?
6
What is the units digit of 7?
7
What is the tens digit of 39992?
9
What is the units digit of 630?
0
What is the tens digit of 1244?
4
What is the ten thousands digit of 17257?
1
What is the thousands digit of 9696?
9
What is the thousands digit of 1170?
1
What is the tens digit of 1919?
1
What is the thousands digit of 2422?
2
What is the tens digit of 641?
4
What is the tens digit of 3658?
5
What is the thousands digit of 2972?
2
What is the units digit of 1103?
3
What is the thousands digit of 6669?
6
What is the ten thousands digit of 55327?
5
What is the ten thousands digit of 17211?
1
What is the hundreds digit of 1455?
4
What is the hundreds digit of 5672?
6
What is the units digit of 86?
6
What is the hundreds digit of 5978?
9
What is the hundreds digit of 7133?
1
What is the thousands digit of 1776?
1
What is the thousands digit of 1135?
1
What is the hundreds digit of 5213?
2
What is the units digit of 18163?
3
What is the thousands digit of 16498?
6
What is the hundreds digit of 3516?
5
What is the units digit of 2481?
1
What is the ten thousands digit of 69451?
6
What is the thousands digit of 11082?
1
What is the tens digit of 4122?
2
What is the units digit of 71?
1
What is the units digit of 2704?
4
What is the thousands digit of 13522?
3
What is the tens digit of 51?
5
What is the units digit of 6014?
4
What is the tens digit of 9976?
7
What is the tens digit of 993?
9
What is the units digit of 39565?
5
What is the units digit of 362?
2
What is the tens digit of 1080?
8
What is the hundreds digit of 3138?
1
What is the thousands digit of 11930?
1
What is the thousands digit of 83278?
3
What is the units digit of 10221?
1
What is the ten thousands digit of 24412?
2
What is the ten thousands digit of 133609?
3
What is the tens digit of 278?
7
What is the hundreds digit of 109879?
8
What is the ten thousands digit of 11713?
1
What is the tens digit of 106294?
9
What is the hundreds digit of 12976?
9
What is the units digit of 2876?
6
What is the ten thousands digit of 17377?
1
What is the units digit of 86?
6
What is the thousands digit of 51557?
1
What is the ten thousands digit of 27064?
2
What is the hundreds digit of 661?
6
What is the tens digit of 40?
4
What is the ten thousands digit of 28793?
2
What is the units digit of 9763?
3
What is the tens digit of 3484?
8
What is the hundreds digit of 2169?
1
What is the thousands digit of 69234?
9
What is the units digit of 1966?
6
What is the thousands digit of 1951?
1
What is the thousands digit of 11198?
1
What is the units digit of 51?
1
What is the hundreds digit of 335?
3
What is the ten thousands digit of 14635?
1
What is the hundreds digit of 736?
7
What is the tens digit of 274?
7
What is the tens digit of 4150?
5
What is the units digit of 5953?
3
What is the units digit of 1052?
2
What is the hundreds digit of 5681?
6
What is the hundreds digit of 40817?
8
What is the hundreds digit of 22984?
9
What is the hundreds digit of 1267?
2
What is the units digit of 1263?
3
What is the tens digit of 387?
8
What is the tens digit of 92329?
2
What is the tens digit of 430?
3
What is the tens digit of 34